 of v(i).
11
Let c(u) = 5*u - 2 - 5 + 0*u. Let s be c(12). Let b = s + -17. List the prime factors of b.
2, 3
Suppose -5*j = 4 - 9. Let r be (j - -6) + -3 - 3. Let o = r - -8. What are the prime factors of o?
3
Let p(b) be the third derivative of b**5/10 + b**4/24 - b**3/6 - 41*b**2. List the prime factors of p(3).
2, 7
Let z(p) = 9*p**2 - 2*p + 2. Let c = 9 - 4. Suppose u + m = 1, 0*u - 3*u - c*m + 1 = 0. List the prime factors of z(u).
2, 17
Suppose -63*v + 390 = -61*v + 4*o, 0 = -v + 4*o + 225. List the prime factors of v.
5, 41
Let x = 3 + 172. Suppose 117 + x = 4*v. What are the prime factors of v?
73
What are the prime factors of -4 + (-5828)/(-93) + 2/6?
59
Suppose -9*a + 172 = 64. Let z(m) = -m**2 + 19*m - 9. List the prime factors of z(a).
3, 5
Let p = 253 - 30. List the prime factors of p.
223
Suppose -5*u + 12*u = 392. Let j = 132 - u. What are the prime factors of j?
2, 19
Suppose -3*c = 862 + 38. List the prime factors of 10/(-35) + c/(-21).
2, 7
Suppose 113*i + 2850 = 118*i + 3*j, 3*i = j + 1696. What are the prime factors of i?
3, 7
Let x = -241 + 348. List the prime factors of x.
107
Let c(z) = -2*z**2 + 21*z - 6. Let v be c(6). Let w = v - -58. List the prime factors of w.
2, 53
Let a be 15*(-20)/6*-2. Suppose 3*v - 63 = 2*b, -a = -5*v - 0*b + 5*b. Let o = 51 - v. What are the prime factors of o?
2, 7
Suppose 2*z + 756 = 5*z. List the prime factors of z.
2, 3, 7
Let q(f) = f**3 - 10*f**2 + 9*f + 4. Suppose -2*z - 5*v = -6*z + 9, -v - 3 = -2*z. Let o be (-4 - 14)/((-2)/z). What are the prime factors of q(o)?
2
Let v be 3/(-2) + (-30)/(-20). Suppose y + 3 - 9 = v. Suppose 188 = 3*s + 3*j - j, 3*j + y = 0. List the prime factors of s.
2
Let w(o) = 2*o**2 - 7*o + 3. Let n be w(5). Let t = n + -15. Suppose t*m = -m + 96. List the prime factors of m.
2, 3
Suppose -x = 3*k - 389, -10*k + 1984 = 5*x - 8*k. What are the prime factors of x?
2, 199
Let d be 8/(-10)*(-1 - 4). Suppose -4*w - 8 = d*k, 0 = 2*k - 2*w + 3*w + 2. Suppose -3*g + 78 = -k*g. List the prime factors of g.
2, 13
Suppose 1974 = x - 2*z + 386, -3*x = z - 4729. List the prime factors of x.
2, 3, 263
Suppose -3*v + 4168 = -4*t - 21636, t = -4*v - 6470. What are the prime factors of 3/(-2) - t/28?
229
Let n be 9/27 + 14/(-6). Let k(r) = 5*r**2 + 4*r + 3. List the prime factors of k(n).
3, 5
Suppose 2*b = -2*l + 7*l + 986, 4*b + 4*l - 1916 = 0. List the prime factors of b.
3, 7, 23
Let v be 1146/(-10) - 4/40*4. Let f = v - -211. What are the prime factors of f?
2, 3
Suppose 3*y + 794 = 3*n - 775, 511 = n - 4*y. What are the prime factors of n?
17, 31
Suppose -6*r + 36 = -2*r. Suppose v = r*v. Suppose l + 4*a = 21, v = l + 3*a - 12 - 6. What are the prime factors of l?
3
List the prime factors of (-51972)/(-71) + (0 - -1).
733
Let n = 564 + 3293. List the prime factors of n.
7, 19, 29
Let x = 7332 + -3576. Suppose -19*u + x = -2438. What are the prime factors of u?
2, 163
Suppose 3*c = -6*q + q + 510, 3*c - 531 = 2*q. What are the prime factors of c?
5, 7
Suppose 3*h = -y - 0*y + 17, -h = 2*y - 19. Suppose -y*q + 529 = 97. List the prime factors of q.
2, 3
Suppose 2*u + 0*u = -1078. Let l = -323 - u. List the prime factors of l.
2, 3
Let s = -1421 - -2455. What are the prime factors of s?
2, 11, 47
Suppose 0 = -10*j + 14*j - 84. Let h = 247 - j. What are the prime factors of h?
2, 113
Suppose -3319 = -12*l + 8*l - p, 2*l + 4*p - 1670 = 0. List the prime factors of l.
829
Let y(n) = -3*n - n**3 + 2 - 8*n**2 + 19*n**2 - 7*n + 6*n. List the prime factors of y(9).
2
Let z(s) = -s**3 - 8*s**2 - 7*s + 5. Let q be z(-6). Let h = q - -65. List the prime factors of h.
2, 5
Suppose -181 = -7*y - 13. Suppose 228 - 12 = 4*j. Suppose y + j = 3*d. What are the prime factors of d?
2, 13
Suppose 0 = 25*q - 29*q + 8. Suppose -l = -2*z - 5*l - 24, -2*z = q*l + 18. Let y = 7 - z. List the prime factors of y.
13
Let s(d) = -3 - 3*d - 8*d - 5*d + 17*d. Let k be s(7). Let t = k + 4. List the prime factors of t.
2
Let k(l) = 5*l**2 - 7*l - 1. Let w(i) = 11*i**2 - 13*i - 1. Let g(q) = 13*k(q) - 6*w(q). Suppose -29 = 5*j + 6. List the prime factors of g(j).
5, 7
Let m = -6862 + 12895. List the prime factors of m.
3, 2011
Let v = 6854 - 4831. What are the prime factors of v?
7, 17
Suppose 4*f + 33831 = 31*f. List the prime factors of f.
7, 179
Let n(o) = 3*o - 20. Let z be ((-12)/2)/((-6)/8). Let b be n(z). Let v(w) = 2*w**2 - 6*w + 3. What are the prime factors of v(b)?
11
Let k = 4490 - 2131. List the prime factors of k.
7, 337
List the prime factors of (-258)/4*(-2 + (-308)/7).
3, 23, 43
Suppose -7*m + 5*m = -5*y - 738, y = 2. What are the prime factors of m?
2, 11, 17
Suppose -z = -250 - 30. Suppose -9*v = -z - 62. List the prime factors of v.
2, 19
Let f(i) = i**3 + 21*i**2 + 11*i - 2. Let q = 5 + -25. List the prime factors of f(q).
2, 89
Let t(x) = 11*x**2 - 14*x**2 + x + 4*x**2 + 11. Let h be t(-5). Let v = 84 - h. List the prime factors of v.
53
Suppose -13 = -3*u - 100. Let k = u - -56. Suppose -v + 11 = -k. What are the prime factors of v?
2, 19
Suppose 2*h + 80 = 4*f, -2*f - h = -48 + 8. Suppose f = 3*s + x, 3*s - 2*x = -s + 10. What are the prime factors of (-20)/(3 - s) - 2?
2
Let d = -36 - -38. Suppose 0 = -4*p + 2*j + 166, -3*p = d*p - 5*j - 210. List the prime factors of p.
41
Let c = 12 - 7. Suppose -5*b + t = -10, -5 = -5*b + 5*t + c. Suppose b*j = -3*j + 60. List the prime factors of j.
2, 3
Let s = -63 - -51. What are the prime factors of -58*2/16*s?
3, 29
Let t = -396 - -583. Suppose 3*s = q + 193, -3*s - 3*q + t = 2*q. List the prime factors of s.
2
What are the prime factors of 101*30/(-3)*(-3)/6?
5, 101
Suppose 0*g = 10*g - 1450. What are the prime factors of g?
5, 29
Let s = 737 + -345. What are the prime factors of s?
2, 7
Suppose 8*l - 10*l = -16. Let m = 63 - 15. Suppose -2*h + l*h = m. List the prime factors of h.
2
Let m be (-2)/3*54/(-4). Let u be 11*(3 + -4 + 2). Suppose m*k - 10*k = -u. What are the prime factors of k?
11
Let j(o) = o + 16. Let t be j(-19). List the prime factors of ((-21)/(-6) + t)*28.
2, 7
Let r be 1/3 + 41/3. Suppose -r*q - 231 = -17*q. List the prime factors of q.
7, 11
Let c = 99 - 155. List the prime factors of 2/14 + (-3016)/c.
2, 3
Let q(b) = 2*b + 1. Let p be q(-5). Let o be 1/(-3) - 3/p. Suppose o = 4*j - 47 - 113. What are the prime factors of j?
2, 5
Let w be ((-13)/(-39))/(1/213). Suppose -4*b = -12 + 4. Suppose b*g = w + 17. What are the prime factors of g?
2, 11
Suppose 16 = 4*f + 5*r - 6, -3 = -3*f + 3*r. Let d(w) = 11 + 2*w - 4*w - f*w - 1. List the prime factors of d(-7).
3, 5
Suppose g = -2*g + 117. Let k be ((-4)/10)/((-4960)/550 - -9). Let i = g - k. List the prime factors of i.
17
Suppose -r + 3*c = -51, -5*r + 241 = -0*c - c. Suppose 0 = -2*u - o + 137, 2*u - 4*o - 74 = r. What are the prime factors of u?
67
Suppose 93 = 4*a + 13. Suppose -2*o = -3*o - 5*z + 15, 0 = o + 4*z - a. List the prime factors of o.
2, 5
Suppose -5*j = -13 - 2. Suppose 0 = -4*d + 5*w, 0 = j*d + w + 2*w. Suppose -5*m + 0*m + 255 = d. What are the prime factors of m?
3, 17
Suppose -259 = -n + 3*q, 3*n - n = 4*q + 528. What are the prime factors of n?
2, 137
Let c = 2 + 0. Suppose 4*f - 537 - 495 = c*u, 0 = f + 4*u - 240. What are the prime factors of f?
2
Let m be 2/26*2 + 608/104. Suppose -6 = -2*v + 4. Let s = m + v. What are the prime factors of s?
11
Suppose 0 = -h - 2*h - 63. Let p(s) = -s**3 + 13*s**2 - 28*s - 20. Let b be p(9). Let d = b + h. What are the prime factors of d?
31
Suppose -14*m = 3*m - 41599. What are the prime factors of m?
2447
Suppose -s + 34 + 0 = 0. Suppose 3*n - 2*t = -35, -4*t + 30 + 10 = -4*n. Let l = n + s. What are the prime factors of l?
19
Let w = -868 - -1519. List the prime factors of w.
3, 7, 31
Let p(x) = -23*x**2 + 2*x + 3. Let r be p(3). Let t = -59 - r. Suppose 3*n - t = -2*y, -39 - 26 = -n + 4*y. List the prime factors of n.
7
Let x(v) = v**2 + 2*v - 2. Let o be x(-3). Let a(p) = 143*p - 2. List the prime factors of a(o).
3, 47
Suppose 2*x = -2*m + 6, -3*m + 4*x - 1 = -38. Let u(t) = 8*t - 12. List the prime factors of u(m).
2, 11
Suppose 3*q + 6 = 0, -55*q + 6156 = 4*x - 53*q. What are the prime factors of x?
2, 5, 7, 11
Suppose d + 3 = 0, 2*r + 4*d = 5*r - 684. List the prime factors of r.
2, 7
Let u(l) be 